{"id":31,"date":"2022-07-05T06:21:49","date_gmt":"2022-07-05T06:21:49","guid":{"rendered":"https:\/\/megadogbarf.com.co\/?page_id=31"},"modified":"2024-03-06T13:19:55","modified_gmt":"2024-03-06T13:19:55","slug":"inicio","status":"publish","type":"page","link":"https:\/\/megadogbarf.com.co\/index.php\/inicio\/","title":{"rendered":"INICIO"},"content":{"rendered":"<div class=\"n2_clear\"><ss3-force-full-width data-overflow-x=\"body\" data-horizontal-selector=\"body\"><div class=\"n2-section-smartslider fitvidsignore  n2_clear\" data-ssid=\"5\" tabindex=\"0\" role=\"region\" aria-label=\"Slider\"><div id=\"n2-ss-5-align\" class=\"n2-ss-align\"><div class=\"n2-padding\"><div id=\"n2-ss-5\" data-creator=\"Smart Slider 3\" data-responsive=\"fullwidth\" class=\"n2-ss-slider n2-ow n2-has-hover n2notransition  \"><div class=\"n2-ss-slider-wrapper-inside\">\n        <div class=\"n2-ss-slider-1 n2_ss__touch_element n2-ow\">\n            <div class=\"n2-ss-slider-2 n2-ow\">\n                                                <div class=\"n2-ss-slider-3 n2-ow\">\n\n                    <div class=\"n2-ss-slide-backgrounds n2-ow-all\"><div class=\"n2-ss-slide-background\" data-public-id=\"1\" data-mode=\"fill\"><div data-color=\"RGBA(255,255,255,0)\" style=\"background-color: RGBA(255,255,255,0);\" class=\"n2-ss-slide-background-color\"><\/div><\/div><div class=\"n2-ss-slide-background\" data-public-id=\"2\" data-mode=\"fill\"><div data-color=\"RGBA(255,255,255,0)\" style=\"background-color: RGBA(255,255,255,0);\" class=\"n2-ss-slide-background-color\"><\/div><\/div><div class=\"n2-ss-slide-background\" data-public-id=\"3\" data-mode=\"fill\"><div class=\"n2-ss-slide-background-image\" data-blur=\"0\" data-opacity=\"40\" data-x=\"58\" data-y=\"60\" data-alt=\"\" data-title=\"\" style=\"opacity:0.4;--ss-o-pos-x:58%;--ss-o-pos-y:60%\"><picture class=\"skip-lazy\" data-skip-lazy=\"1\"><img decoding=\"async\" src=\"\/\/megadogbarf.com.co\/wp-content\/uploads\/slider\/cache\/60bf41d12b87735b1cd57b981cdaec25\/Crema-Marron-Fotografico-Belleza-Plataforma-Lanzamiento-Sitio-Web-2.png\" alt=\"\" title=\"\" loading=\"lazy\" class=\"skip-lazy\" data-skip-lazy=\"1\"><\/picture><\/div><div data-color=\"RGBA(0,0,0,1)\" style=\"background-color: RGBA(0,0,0,1);\" class=\"n2-ss-slide-background-color\"><\/div><\/div><div class=\"n2-ss-slide-background\" data-public-id=\"4\" data-mode=\"fill\"><div data-color=\"RGBA(255,255,255,0)\" style=\"background-color: RGBA(255,255,255,0);\" class=\"n2-ss-slide-background-color\"><\/div><\/div><div class=\"n2-ss-slide-background\" data-public-id=\"5\" data-mode=\"fill\"><div data-color=\"RGBA(255,255,255,0)\" style=\"background-color: RGBA(255,255,255,0);\" class=\"n2-ss-slide-background-color\"><\/div><\/div><\/div>                    <div class=\"n2-ss-slider-4 n2-ow\">\n                        <svg xmlns=\"http:\/\/www.w3.org\/2000\/svg\" viewBox=\"0 0 1920 600\" data-related-device=\"desktopPortrait\" class=\"n2-ow n2-ss-preserve-size n2-ss-preserve-size--slider n2-ss-slide-limiter\"><\/svg><div data-first=\"1\" data-slide-duration=\"0\" data-id=\"13\" data-slide-public-id=\"1\" data-title=\"London Timelapse\" class=\"n2-ss-slide n2-ow  n2-ss-slide-13\"><div role=\"note\" class=\"n2-ss-slide--focus\" tabindex=\"-1\">London Timelapse<\/div><div class=\"n2-ss-layers-container n2-ss-slide-limiter n2-ow\"><div class=\"n2-ss-layer n2-ow n-uc-Cx28UGxz4Roi\" data-sstype=\"slide\" data-pm=\"default\"><div class=\"n2-ss-layer n2-ow n-uc-1655925c1bcc1\" data-pm=\"default\" data-sstype=\"content\" data-hasbackground=\"0\"><div class=\"n2-ss-section-main-content n2-ss-layer-with-background n2-ss-layer-content n2-ow n-uc-1655925c1bcc1-inner\"><div class=\"n2-ss-layer n2-ow n-uc-sfyNTUrftTaI\" data-pm=\"normal\" data-sstype=\"layer\"><div id=\"n2-ss-5item1\" class=\"n2_ss_video_player n2-ss-item-content n2-ow-all\" data-aspect-ratio=\"16:9\"><div class=\"n2_ss_video_player__placeholder\" ><\/div><div id=\"n2-ss-5item1-frame\"><\/div><div class=\"n2_ss_video_player__cover\" data-force-pointer=\"\"><img decoding=\"async\" class=\"n2_ss_video_cover skip-lazy\" alt=\"Reproducir\" data-skip-lazy=\"1\" src=\"https:\/\/i.ytimg.com\/vi\/MYSSRwTRoTA\/hqdefault.jpg\" \/><img loading=\"lazy\" decoding=\"async\" class=\"n2_ss_video_play_btn skip-lazy\" data-skip-lazy=\"1\" width=\"48\" height=\"48\" src=\"data:image\/svg+xml;base64,PHN2ZyB4bWxucz0iaHR0cDovL3d3dy53My5vcmcvMjAwMC9zdmciIHZpZXdCb3g9IjAgMCA0OCA0OCI+CiAgICA8Y2lyY2xlIGN4PSIyNCIgY3k9IjI0IiByPSIyNCIgZmlsbD0iIzAwMCIgb3BhY2l0eT0iLjYiLz4KICAgIDxwYXRoIGZpbGw9IiNGRkYiCiAgICAgICAgICBkPSJNMTkuOCAzMmMtLjEyNCAwLS4yNDctLjAyOC0uMzYtLjA4LS4yNjQtLjExNi0uNDM2LS4zNzUtLjQ0LS42NjRWMTYuNzQ0Yy4wMDUtLjI5LjE3Ni0uNTUuNDQtLjY2Ni4yNzMtLjEyNi41OTItLjEuODQuMDdsMTAuNCA3LjI1N2MuMi4xMzIuMzIuMzU1LjMyLjU5NXMtLjEyLjQ2My0uMzIuNTk1bC0xMC40IDcuMjU2Yy0uMTQuMS0uMzEuMTUtLjQ4LjE1eiIvPgo8L3N2Zz4=\" alt=\"Play\"><\/div><\/div><\/div><div class=\"n2-ss-layer n2-ow n2-ss-layer--block n2-ss-has-self-align n-uc-1b74b5145898f\" data-pm=\"normal\" data-sstype=\"row\"><div class=\"n2-ss-layer-row n2-ss-layer-with-background n-uc-1b74b5145898f-inner\"><div class=\"n2-ss-layer-row-inner \"><div class=\"n2-ss-layer n2-ow n-uc-1b288d171e213\" data-pm=\"default\" data-sstype=\"col\"><div class=\"n2-ss-layer-col n2-ss-layer-with-background n2-ss-layer-content n-uc-1b288d171e213-inner\"><\/div><\/div><div class=\"n2-ss-layer n2-ow n-uc-1a7074d004380\" data-pm=\"default\" data-sstype=\"col\"><div class=\"n2-ss-layer-col n2-ss-layer-with-background n2-ss-layer-content n-uc-1a7074d004380-inner\"><\/div><\/div><\/div><\/div><\/div><\/div><\/div><\/div><\/div><\/div><div data-slide-duration=\"0\" data-id=\"10\" data-slide-public-id=\"2\" data-title=\"Budapest Timelapse\" class=\"n2-ss-slide n2-ow  n2-ss-slide-10\"><div role=\"note\" class=\"n2-ss-slide--focus\" tabindex=\"-1\">Budapest Timelapse<\/div><div class=\"n2-ss-layers-container n2-ss-slide-limiter n2-ow\"><div class=\"n2-ss-layer n2-ow n-uc-L26vGMAy9EqV\" data-sstype=\"slide\" data-pm=\"default\"><div class=\"n2-ss-layer n2-ow n-uc-1fcc8477e0e72\" data-pm=\"default\" data-sstype=\"content\" data-hasbackground=\"0\"><div class=\"n2-ss-section-main-content n2-ss-layer-with-background n2-ss-layer-content n2-ow n-uc-1fcc8477e0e72-inner\"><div class=\"n2-ss-layer n2-ow n-uc-FYMDc9IBUvWx\" data-pm=\"normal\" data-sstype=\"layer\"><div id=\"n2-ss-5item2\" class=\"n2_ss_video_player n2-ss-item-content n2-ow-all\" data-aspect-ratio=\"16:9\"><div class=\"n2_ss_video_player__placeholder\" ><\/div><div id=\"n2-ss-5item2-frame\"><\/div><div class=\"n2_ss_video_player__cover\" data-force-pointer=\"\"><img decoding=\"async\" class=\"n2_ss_video_cover skip-lazy\" alt=\"Reproducir\" loading=\"lazy\" data-skip-lazy=\"1\" src=\"https:\/\/i.ytimg.com\/vi\/rP49PKw4shc\/hqdefault.jpg\" \/><img loading=\"lazy\" decoding=\"async\" class=\"n2_ss_video_play_btn skip-lazy\" data-skip-lazy=\"1\" width=\"48\" height=\"48\" src=\"data:image\/svg+xml;base64,PHN2ZyB4bWxucz0iaHR0cDovL3d3dy53My5vcmcvMjAwMC9zdmciIHZpZXdCb3g9IjAgMCA0OCA0OCI+CiAgICA8Y2lyY2xlIGN4PSIyNCIgY3k9IjI0IiByPSIyNCIgZmlsbD0iIzAwMCIgb3BhY2l0eT0iLjYiLz4KICAgIDxwYXRoIGZpbGw9IiNGRkYiCiAgICAgICAgICBkPSJNMTkuOCAzMmMtLjEyNCAwLS4yNDctLjAyOC0uMzYtLjA4LS4yNjQtLjExNi0uNDM2LS4zNzUtLjQ0LS42NjRWMTYuNzQ0Yy4wMDUtLjI5LjE3Ni0uNTUuNDQtLjY2Ni4yNzMtLjEyNi41OTItLjEuODQuMDdsMTAuNCA3LjI1N2MuMi4xMzIuMzIuMzU1LjMyLjU5NXMtLjEyLjQ2My0uMzIuNTk1bC0xMC40IDcuMjU2Yy0uMTQuMS0uMzEuMTUtLjQ4LjE1eiIvPgo8L3N2Zz4=\" alt=\"Play\"><\/div><\/div><\/div><\/div><\/div><\/div><\/div><\/div><div data-slide-duration=\"0\" data-id=\"11\" data-slide-public-id=\"3\" data-title=\"Iceland Timelapse\" class=\"n2-ss-slide n2-ow  n2-ss-slide-11\"><div role=\"note\" class=\"n2-ss-slide--focus\" tabindex=\"-1\">Iceland Timelapse<\/div><div class=\"n2-ss-layers-container n2-ss-slide-limiter n2-ow\"><div class=\"n2-ss-layer n2-ow n-uc-ExSv4vNPuKar\" data-sstype=\"slide\" data-pm=\"default\"><\/div><\/div><\/div><div data-slide-duration=\"0\" data-id=\"12\" data-slide-public-id=\"4\" data-title=\"Berlin Timelapse\" class=\"n2-ss-slide n2-ow  n2-ss-slide-12\"><div role=\"note\" class=\"n2-ss-slide--focus\" tabindex=\"-1\">Berlin Timelapse<\/div><div class=\"n2-ss-layers-container n2-ss-slide-limiter n2-ow\"><div class=\"n2-ss-layer n2-ow n-uc-2C13oUtv25PI\" data-sstype=\"slide\" data-pm=\"default\"><div class=\"n2-ss-layer n2-ow n-uc-16b99af42cea2\" data-pm=\"default\" data-sstype=\"content\" data-hasbackground=\"0\"><div class=\"n2-ss-section-main-content n2-ss-layer-with-background n2-ss-layer-content n2-ow n-uc-16b99af42cea2-inner\"><div class=\"n2-ss-layer n2-ow n-uc-rlTKJKGdS8Oi\" data-pm=\"normal\" data-sstype=\"layer\"><div id=\"n2-ss-5item3\" class=\"n2_ss_video_player n2-ss-item-content n2-ow-all\" data-aspect-ratio=\"16:9\"><div class=\"n2_ss_video_player__placeholder\" ><\/div><div id=\"n2-ss-5item3-frame\"><\/div><div class=\"n2_ss_video_player__cover\" data-force-pointer=\"\"><img decoding=\"async\" class=\"n2_ss_video_cover skip-lazy\" alt=\"Reproducir\" loading=\"lazy\" data-skip-lazy=\"1\" src=\"https:\/\/i.ytimg.com\/vi\/u5C1pfTHN-A\/hqdefault.jpg\" \/><img loading=\"lazy\" decoding=\"async\" class=\"n2_ss_video_play_btn skip-lazy\" data-skip-lazy=\"1\" width=\"48\" height=\"48\" src=\"data:image\/svg+xml;base64,PHN2ZyB4bWxucz0iaHR0cDovL3d3dy53My5vcmcvMjAwMC9zdmciIHZpZXdCb3g9IjAgMCA0OCA0OCI+CiAgICA8Y2lyY2xlIGN4PSIyNCIgY3k9IjI0IiByPSIyNCIgZmlsbD0iIzAwMCIgb3BhY2l0eT0iLjYiLz4KICAgIDxwYXRoIGZpbGw9IiNGRkYiCiAgICAgICAgICBkPSJNMTkuOCAzMmMtLjEyNCAwLS4yNDctLjAyOC0uMzYtLjA4LS4yNjQtLjExNi0uNDM2LS4zNzUtLjQ0LS42NjRWMTYuNzQ0Yy4wMDUtLjI5LjE3Ni0uNTUuNDQtLjY2Ni4yNzMtLjEyNi41OTItLjEuODQuMDdsMTAuNCA3LjI1N2MuMi4xMzIuMzIuMzU1LjMyLjU5NXMtLjEyLjQ2My0uMzIuNTk1bC0xMC40IDcuMjU2Yy0uMTQuMS0uMzEuMTUtLjQ4LjE1eiIvPgo8L3N2Zz4=\" alt=\"Play\"><\/div><\/div><\/div><\/div><\/div><\/div><\/div><\/div><div data-slide-duration=\"0\" data-id=\"9\" data-slide-public-id=\"5\" data-title=\"Norway Timelapse\" class=\"n2-ss-slide n2-ow  n2-ss-slide-9\"><div role=\"note\" class=\"n2-ss-slide--focus\" tabindex=\"-1\">Norway Timelapse<\/div><div class=\"n2-ss-layers-container n2-ss-slide-limiter n2-ow\"><div class=\"n2-ss-layer n2-ow n-uc-7jBYODNDWNJZ\" data-sstype=\"slide\" data-pm=\"default\"><div class=\"n2-ss-layer n2-ow n-uc-193f10103e636\" data-pm=\"default\" data-sstype=\"content\" data-hasbackground=\"0\"><div class=\"n2-ss-section-main-content n2-ss-layer-with-background n2-ss-layer-content n2-ow n-uc-193f10103e636-inner\"><div class=\"n2-ss-layer n2-ow n-uc-HeE8apSvdkhC\" data-pm=\"normal\" data-sstype=\"layer\"><div class=\" n2-ss-item-image-content n2-ss-item-content n2-ow-all\"><img decoding=\"async\" id=\"n2-ss-5item4\" alt=\"\" class=\"skip-lazy\" loading=\"lazy\" width=\"1200\" height=\"600\" data-skip-lazy=\"1\" src=\"\/\/megadogbarf.com.co\/wp-content\/uploads\/2024\/03\/Alimento-1200-x-600-px.png\" \/><\/div><\/div><\/div><\/div><\/div><\/div><\/div>                    <\/div>\n\n                                    <\/div>\n            <\/div>\n        <\/div>\n        <div class=\"n2-ss-slider-controls n2-ss-slider-controls-absolute-left-center\"><div style=\"--widget-offset:15px;\" class=\"n2-ss-widget nextend-arrow n2-ow-all nextend-arrow-previous  nextend-arrow-animated-fade\" id=\"n2-ss-5-arrow-previous\" role=\"button\" aria-label=\"previous arrow\" tabindex=\"0\"><img loading=\"lazy\" decoding=\"async\" width=\"32\" height=\"32\" class=\"skip-lazy\" data-skip-lazy=\"1\" src=\"data:image\/svg+xml;base64,PHN2ZyB3aWR0aD0iMzIiIGhlaWdodD0iMzIiIHZpZXdCb3g9IjAgMCAzMiAzMiIgeG1sbnM9Imh0dHA6Ly93d3cudzMub3JnLzIwMDAvc3ZnIj4KICAgIDxwYXRoIGQ9Ik0xMS40MzMgMTUuOTkyTDIyLjY5IDUuNzEyYy4zOTMtLjM5LjM5My0xLjAzIDAtMS40Mi0uMzkzLS4zOS0xLjAzLS4zOS0xLjQyMyAwbC0xMS45OCAxMC45NGMtLjIxLjIxLS4zLjQ5LS4yODUuNzYtLjAxNS4yOC4wNzUuNTYuMjg0Ljc3bDExLjk4IDEwLjk0Yy4zOTMuMzkgMS4wMy4zOSAxLjQyNCAwIC4zOTMtLjQuMzkzLTEuMDMgMC0xLjQybC0xMS4yNTctMTAuMjkiCiAgICAgICAgICBmaWxsPSIjZmZmZmZmIiBvcGFjaXR5PSIwLjgiIGZpbGwtcnVsZT0iZXZlbm9kZCIvPgo8L3N2Zz4=\" alt=\"previous arrow\"><\/div><\/div><div class=\"n2-ss-slider-controls n2-ss-slider-controls-absolute-right-center\"><div style=\"--widget-offset:15px;\" class=\"n2-ss-widget nextend-arrow n2-ow-all nextend-arrow-next  nextend-arrow-animated-fade\" id=\"n2-ss-5-arrow-next\" role=\"button\" aria-label=\"next arrow\" tabindex=\"0\"><img loading=\"lazy\" decoding=\"async\" width=\"32\" height=\"32\" class=\"skip-lazy\" data-skip-lazy=\"1\" src=\"data:image\/svg+xml;base64,PHN2ZyB3aWR0aD0iMzIiIGhlaWdodD0iMzIiIHZpZXdCb3g9IjAgMCAzMiAzMiIgeG1sbnM9Imh0dHA6Ly93d3cudzMub3JnLzIwMDAvc3ZnIj4KICAgIDxwYXRoIGQ9Ik0xMC43MjIgNC4yOTNjLS4zOTQtLjM5LTEuMDMyLS4zOS0xLjQyNyAwLS4zOTMuMzktLjM5MyAxLjAzIDAgMS40MmwxMS4yODMgMTAuMjgtMTEuMjgzIDEwLjI5Yy0uMzkzLjM5LS4zOTMgMS4wMiAwIDEuNDIuMzk1LjM5IDEuMDMzLjM5IDEuNDI3IDBsMTIuMDA3LTEwLjk0Yy4yMS0uMjEuMy0uNDkuMjg0LS43Ny4wMTQtLjI3LS4wNzYtLjU1LS4yODYtLjc2TDEwLjcyIDQuMjkzeiIKICAgICAgICAgIGZpbGw9IiNmZmZmZmYiIG9wYWNpdHk9IjAuOCIgZmlsbC1ydWxlPSJldmVub2RkIi8+Cjwvc3ZnPg==\" alt=\"next arrow\"><\/div><\/div><\/div><\/div><ss3-loader><\/ss3-loader><\/div><\/div><div class=\"n2_clear\"><\/div><\/div><\/ss3-force-full-width><\/div>\n\n\n<div class=\"wp-block-columns alignwide container has-black-color has-white-background-color has-text-color has-background has-medium-font-size is-layout-flex wp-container-core-columns-is-layout-28f84493 wp-block-columns-is-layout-flex\">\n<div class=\"wp-block-column is-layout-flow wp-block-column-is-layout-flow\">\n<div class=\"wp-block-group\"><div class=\"wp-block-group__inner-container is-layout-flow wp-block-group-is-layout-flow\">\n<figure class=\"wp-block-gallery has-nested-images columns-default is-cropped wp-block-gallery-1 is-layout-flex wp-block-gallery-is-layout-flex\">\n<figure class=\"wp-block-image size-full\"><img loading=\"lazy\" decoding=\"async\" width=\"600\" height=\"368\" data-id=\"164\" src=\"https:\/\/megadogbarf.com.co\/wp-content\/uploads\/2022\/07\/paquetes-2.png\" alt=\"\" class=\"wp-image-164\" srcset=\"https:\/\/megadogbarf.com.co\/wp-content\/uploads\/2022\/07\/paquetes-2.png 600w, https:\/\/megadogbarf.com.co\/wp-content\/uploads\/2022\/07\/paquetes-2-300x184.png 300w\" sizes=\"auto, (max-width: 600px) 100vw, 600px\" \/><\/figure>\n<\/figure>\n<\/div><\/div>\n\n\n\n<figure class=\"wp-block-image size-full\"><img loading=\"lazy\" decoding=\"async\" width=\"600\" height=\"384\" src=\"https:\/\/megadogbarf.com.co\/wp-content\/uploads\/2022\/07\/pesos.png\" alt=\"\" class=\"wp-image-153\" srcset=\"https:\/\/megadogbarf.com.co\/wp-content\/uploads\/2022\/07\/pesos.png 600w, https:\/\/megadogbarf.com.co\/wp-content\/uploads\/2022\/07\/pesos-300x192.png 300w\" sizes=\"auto, (max-width: 600px) 100vw, 600px\" \/><\/figure>\n\n\n\n<div style=\"height:8px\" aria-hidden=\"true\" class=\"wp-block-spacer\"><\/div>\n\n\n<div class=\"wp-block-image\">\n<figure class=\"alignleft size-full is-resized\"><img loading=\"lazy\" decoding=\"async\" width=\"389\" height=\"400\" src=\"https:\/\/megadogbarf.com.co\/wp-content\/uploads\/2022\/07\/2-389x400-1.png\" alt=\"\" class=\"wp-image-194\" style=\"aspect-ratio:0.9819004524886877;width:475px;height:auto\" srcset=\"https:\/\/megadogbarf.com.co\/wp-content\/uploads\/2022\/07\/2-389x400-1.png 389w, https:\/\/megadogbarf.com.co\/wp-content\/uploads\/2022\/07\/2-389x400-1-292x300.png 292w\" sizes=\"auto, (max-width: 389px) 100vw, 389px\" \/><\/figure>\n<\/div><\/div>\n\n\n\n<div class=\"wp-block-column is-vertically-aligned-top col-md-5 is-layout-flow wp-block-column-is-layout-flow\">\n<h2 class=\"wp-block-heading has-black-color has-text-color\">SOBRE NOSOTROS<\/h2>\n\n\n\n<p class=\"has-black-color has-text-color\">Megadog y Megacat nace en el a\u00f1o 2015 y nos&nbsp;dedicamos a la fabricaci\u00f3n de&nbsp;productos alimenticios 100% naturales para perros y gatos, partiendo de la necesidad de buscar siempre mejorar la calidad de vida de nuestras mascotas atraves de la sana alimentaci\u00f3n, ya que observamos un&nbsp; alto nivel de enfermedades y patolog\u00edas&nbsp; graves&nbsp; en ellos y cada vez a m\u00e1s temprana edad, por tal motivo decidimos incursionar en el compromiso social y responsable de como seria la manera adecuada de alimentarlos y fortalecer su sistema inmunol\u00f3gico , tom\u00e1ndonos el trabajo de&nbsp;investigar sus ancestros y su fisionom\u00eda pura, llegando a este maravilloso mundo de la nutrici\u00f3n, estabilidad y felicidad que requieren cada uno de nuestros clientes perrunos y gatunos, cada d\u00eda llenos de m\u00e1s testimonios de mejora en su calidad de vida y salud&#8230;.&nbsp; <\/p>\n\n\n\n<p class=\"has-black-color has-text-color\">Logrando los mejores resultados y beneficios para nuestros mejores amigos perrunos y gatunos, con gran satisfacci\u00f3n reflejada en cada uno de nuestro clientes . Felices de hacer esta gran labor de concientizaci\u00f3n en la manera adecuada de alimentarlos. Mas perros y gatos felices&#8230;&nbsp;<\/p>\n<\/div>\n<\/div>\n","protected":false},"excerpt":{"rendered":"<p>SOBRE NOSOTROS Megadog y Megacat nace en el a\u00f1o 2015 y nos&nbsp;dedicamos a la fabricaci\u00f3n de&nbsp;productos alimenticios 100% naturales para perros y gatos, partiendo de la necesidad de buscar siempre mejorar la calidad de vida de nuestras mascotas atraves de la sana alimentaci\u00f3n, ya que observamos un&nbsp; alto nivel de [&hellip;]<\/p>\n","protected":false},"author":1,"featured_media":0,"parent":0,"menu_order":0,"comment_status":"closed","ping_status":"closed","template":"","meta":{"footnotes":""},"class_list":["post-31","page","type-page","status-publish","hentry"],"_links":{"self":[{"href":"https:\/\/megadogbarf.com.co\/index.php\/wp-json\/wp\/v2\/pages\/31","targetHints":{"allow":["GET"]}}],"collection":[{"href":"https:\/\/megadogbarf.com.co\/index.php\/wp-json\/wp\/v2\/pages"}],"about":[{"href":"https:\/\/megadogbarf.com.co\/index.php\/wp-json\/wp\/v2\/types\/page"}],"author":[{"embeddable":true,"href":"https:\/\/megadogbarf.com.co\/index.php\/wp-json\/wp\/v2\/users\/1"}],"replies":[{"embeddable":true,"href":"https:\/\/megadogbarf.com.co\/index.php\/wp-json\/wp\/v2\/comments?post=31"}],"version-history":[{"count":25,"href":"https:\/\/megadogbarf.com.co\/index.php\/wp-json\/wp\/v2\/pages\/31\/revisions"}],"predecessor-version":[{"id":671,"href":"https:\/\/megadogbarf.com.co\/index.php\/wp-json\/wp\/v2\/pages\/31\/revisions\/671"}],"wp:attachment":[{"href":"https:\/\/megadogbarf.com.co\/index.php\/wp-json\/wp\/v2\/media?parent=31"}],"curies":[{"name":"wp","href":"https:\/\/api.w.org\/{rel}","templated":true}]}}